38397. What is the ten thousands digit of h?
2
Suppose -14*l = -10*l + 5*d - 11, -d = 2*l - 1. What is the units digit of 12/16 + (261/4 - l)?
7
Let k be -4 + (-3 - -6) + 1. What is the hundreds digit of k + 0 - (-4 - 332)?
3
Let a(o) = o**3 - 14*o**2 + 16*o - 20. Let s be (318/12 + 3)*(-2 - -6). Let t be (-1)/5*-26*295/s. What is the units digit of a(t)?
9
Let a = 15 + -14. Let z(w) = -53*w**2 + 3*w - 3. Let x be z(a). Let g = 49 - x. What is the units digit of g?
2
Let r(f) = -2*f - 3. Let d be r(4). Let o(k) = 6*k - 5. Let u(z) = -11*z + 11. Let n(p) = d*o(p) - 5*u(p). What is the tens digit of n(-3)?
3
Let j = -46829 + 78535. What is the thousands digit of j?
1
Let f be 20686/2 + (24 - 27). Suppose -51*j + 40*j + f = 0. What is the tens digit of j?
4
Suppose g - 12 = o, 27 = 3*g - 4*o - 9. Let n = g - 17. Let m(c) = -9*c - 31. What is the units digit of m(n)?
4
Suppose 0*k + 7 = k - 3*t, -k = 5*t + 1. Let i(l) = -77*l + 168. Let v be i(4). Let f = k - v. What is the tens digit of f?
4
Let k = 1002 + 306. Suppose -3*o + 5*g + 597 = 0, -5*o = -2*g - k + 313. What is the tens digit of o?
9
Suppose -5*t = -3*o + 35, -5*o + t + 28 = -3*o. Let r(f) = f**3 - 15*f**2 + 17. What is the units digit of r(o)?
7
Suppose 1125*h - 4*y = 1120*h + 215291, -2*y - 8 = 0. What is the hundreds digit of h?
0
Suppose -23 = -19*l + 110. Let i(b) = 2*b**3 - 6*b**2 - 5*b + 8. What is the tens digit of i(l)?
6
Let r(f) = -f**2 - f + 30. Let h be r(-6). Suppose 5*j + 286 - 61 = h. Let s = 191 + j. What is the hundreds digit of s?
1
Suppose 944721 + 2703762 = 93*n. What is the ten thousands digit of n?
3
Let x(a) = a**3 + a**2 + 5*a - 47. What is the units digit of x(15)?
8
Let v = 24 + -78. Let m = -358 + 512. Let j = m + v. What is the units digit of j?
0
Let k be (-14)/(-4)*(-16)/(-28). Suppose 0 = -k*p + 4*g + 911 - 285, 0 = 4*p + g - 1207. What is the tens digit of p?
0
Let u(m) = 22*m**2 - 9*m - 648. What is the thousands digit of u(-17)?
5
Let v(y) = 11 - 16*y - 7*y**2 - 3 + 6*y**2 + 13. Let t be v(-17). Let z(l) = 16*l. What is the tens digit of z(t)?
6
Let m be (-11066)/(-6) - 6/(-9). Suppose m = 5*d + 5*b, 0 = -d - 5*b + 300 + 65. What is the units digit of d?
0
Let g = -767 - 1828. Let x be g/10*6/(-9). Let b = x - 121. What is the tens digit of b?
5
Let j(c) = c**3 - 26*c**2 - 1013*c - 133. What is the thousands digit of j(60)?
1
Let p = 85788 - 8553. Suppose -69*k = -12*k - p. What is the tens digit of k?
5
Let q = -8059 + 2435. Let a = -3897 - q. What is the thousands digit of a?
1
Let n(o) = 21*o**2 + 4*o + 2. Let r be (-2)/(-6) + -1 + 4/(-12). Let m be n(r). Suppose -f = -4 - m. What is the units digit of f?
3
What is the tens digit of (-2021)/(-3)*(26 - 17)?
6
Let q(g) = g**3 + 23*g**2 + 40*g - 7. Let y be (-429)/6 - (3 + (-12)/8). Let n = 52 + y. What is the units digit of q(n)?
5
Let i(f) = -4*f**3 + 8*f**2 + 3*f - 13. Let n be i(6). Let o = n - -294. What is the tens digit of o/(-5) - 9/(-15)?
5
Let y(w) = 58*w + 2327. What is the units digit of y(42)?
3
Let o = -10589 - -21616. What is the units digit of o?
7
Let d = 44 + -63. What is the units digit of (-2)/d + ((-5120)/(-95) - -1)?
5
Let t(k) = k**2 - 6*k + 10430. Let m be t(0). Suppose -4*b = 6*b - m. What is the thousands digit of b?
1
Let k be 6/27 - (-64)/36. Suppose 4*c = 5*c - h - 6, -2*c = k*h - 4. Suppose -68 = -c*u + 280. What is the units digit of u?
7
Let c(z) = -z**2 - 2*z + 7. Let p be c(-3). Suppose 26 = p*k + 10. Let v = 7 - k. What is the units digit of v?
3
Suppose -20 = 5*a - 10. Let k(g) = g - 17. Let p(v) = -17. Let d(x) = a*p(x) + 3*k(x). What is the units digit of d(6)?
1
Suppose -41*w = -116*w + 390975. What is the tens digit of w?
1
What is the tens digit of 526050/20*(-40)/(-70)?
3
Suppose f + 3*n - 28 = 5, 2*n - 66 = -2*f. Suppose 0 = 3*t + 5*k - 25, 3*t - k - 2*k = f. Let p = t - -31. What is the units digit of p?
1
What is the hundreds digit of (1 - -9238) + (-4 - (13 - 24))?
2
Let a be (-1)/(180/27 + -7). Suppose g + 3*g - 20 = 0, 5*g + 2231 = a*y. What is the units digit of y?
2
Let h be ((-6)/10)/((-1)/30). Suppose -4*y + h = -102. Let k = y - -64. What is the tens digit of k?
9
Let g(w) = 5*w - 104. Let f be g(25). Suppose -f*p = 5*a - 20*p - 1931, 0 = -4*a - p + 1545. What is the units digit of a?
6
Let q(n) = -2*n**2 - 41*n - 118. Let c be q(-17). What is the units digit of (c - 40/30) + (-4082)/(-6)?
0
Suppose -75*s - 288175 = 47*s - 147*s. What is the thousands digit of s?
1
Let w = -132 - -232. Suppose 5*m - r = -2*r + w, 0 = 2*m + 5*r - 17. Let z = 71 - m. What is the tens digit of z?
5
Suppose r = -2*a + 30, 2 - 6 = -r. Suppose -a*f = f - 1484. Suppose -m + f + 75 = 0. What is the units digit of m?
1
Suppose -24*o + 156894 + 330498 = 0. What is the tens digit of o?
0
Let p = -4093 - -7147. Let j = p + -2172. What is the tens digit of j?
8
Suppose 5*w + 1073 = -3*f - 57, w = 2. Let i = 944 + f. What is the tens digit of i?
6
Suppose -156*o = -237*o + 629613. What is the tens digit of o?
7
Let m(q) = -q**3 + 17*q**2 + 8*q - 9. Let v be m(18). Let d = v + 234. What is the tens digit of d?
4
What is the thousands digit of ((-161)/(-21) + -8)/(9/162) + 56370?
6
Let s(w) = -w**3 + 10*w**2 + 11*w. Let h be s(11). Suppose -2*q + 2 = -3*l - 12, 2*q - l - 10 = h. Suppose -q + 0 = -z. What is the units digit of z?
4
Let l(y) be the first derivative of 2*y**3/3 - 14*y**2 - 33*y - 8. Let n be l(15). What is the units digit of -1 + 230 - (3 - n)/(-2)?
2
Suppose -37 = -8*l - 13. Suppose l = y, -3*b + 4*b = -4*y + 549. What is the units digit of b?
7
Let w(h) be the third derivative of -9*h**2 + 1/6*h**3 + 19/30*h**5 + 0*h + 1/24*h**4 + 0. What is the units digit of w(2)?
5
Let t(l) = -2*l**2 - 12*l + 2. Let m be t(-6). Let q = m - -2. Suppose -3*o + 427 = -x, o + 431 = q*o + x. What is the tens digit of o?
4
Let f(s) = 3*s**2 - 2*s - 1. Let k be f(4). Let y(x) = 17*x + 6. Let l(u) = -3*u - 1. Let q(a) = k*l(a) + 6*y(a). What is the units digit of q(-5)?
2
What is the tens digit of (-32)/(-6) - 5 - (-108852)/36?
2
What is the hundreds digit of 2/(-20)*-231526 - ((-1992)/(-120) + -17)?
1
Let b(o) = 1167*o**3 + 4*o**2 - 91*o + 421. What is the tens digit of b(4)?
0
Suppose 3*k + 150090 - 634090 = -19*k. What is the thousands digit of k?
2
Suppose -23*r = 38*r + 70*r - 1116251. What is the hundreds digit of r?
5
Let u be 1/(-2) + 31/8*4. Suppose u*g + g - 5840 = 0. What is the tens digit of g?
6
Let q = -83 + -1844. Let a = 1142 + q. What is the units digit of a/(-10) - (-2)/(-4)?
8
Suppose -10 - 29 = -13*u. Suppose u*s + 734 - 4871 = 0. What is the units digit of s?
9
Let q be (-2)/(-2)*-62*(-6 - -5). Suppose t + 2*f = q, 5*t = -3*f - 0*f + 303. Suppose -96 - t = -6*m. What is the units digit of m?
6
Suppose 0 = -2*a + 8, -5*a + 2 = -j - 15. Let q = j - -110. What is the tens digit of q?
1
Suppose f - 2*x - 108 = -33, 3*f - 217 = 2*x. Let l = -72 + f. What is the units digit of (l/3)/((-5)/945)?
3
Let n = -1242 + 2592. What is the units digit of n?
0
Suppose -t - 9 + 2 = -4*p, 0 = 3*p + t - 14. What is the thousands digit of 64/8 - (p + -1207)?
1
Let s(j) = 21*j - 36. Let a be s(2). Suppose -10 = -c + 2*o, o + a = 2*c - 11. What is the units digit of c?
8
Suppose 18*f - 3613 = 12335. Let o = -535 + f. What is the units digit of o?
1
Let b(h) = h**3 - 124*h**2 - 448*h + 270. What is the hundreds digit of b(128)?
4
What is the thousands digit of (14/(-12))/((206/3557414)/((-12)/14))?
7
Let x(s) = s**3 + 10*s**2 - 8*s + 4. Let v be x(-15). Let b = v - -1695. What is the hundreds digit of b?
6
Let j(g) = g**2 - 19*g + 1. Let o be j(19). Suppose -o = 3*y - 4, 0 = a - y - 619. What is the units digit of a?
0
Let b(c) = 2*c + 10. Let p be b(-21). What is the units digit of (0 - -42)/((-131)/p + -4)?
8
Let y = -67 + 76. What is the tens digit of y*(8 + (1 - -1))?
9
Let o = -852 - -1371. What is the hundreds digit of o?
5
Let a = 11741 - 7939. What is the thousands digit of a?
3
Let n be (0 - -903) + 2 + 1. Let d = 1208 + -812. Suppose -6*p + n + d = 0. What is the units digit of p?
7
Let k = -77 + 283. Suppose 0 = p - 300 - k. What is the hundreds digit of p?
5
Suppose -4*z = 16, 130*t - 4*z + 6229 = 131*t. What is the units digit of t?
5
Suppose -f - 5*z = -0*f + 93, -4*z = 20